- 4*w**2. Let k be z(-5). Let r(t) = 12 - 28 + 9*t**2 + 15. Calculate r(k).
8
Let x(i) = -303*i + 18 + 141*i + 139*i + 41. What is x(5)?
-56
Let s = -320 - -315. Let d(m) = -m**3 - 18*m**2 - 10*m + 2. Let l(u) = 3*u**3 + 50*u**2 + 29*u - 6. Let g(v) = 8*d(v) + 3*l(v). What is g(s)?
-12
Let a = 2257 - 2260. Let o(g) = -g**2 + 2*g + 12. What is o(a)?
-3
Let l(p) be the third derivative of -p**5/6 + 35*p**4/8 + 17*p**3/2 + 297*p**2 + 5*p. Give l(11).
-4
Let q be ((-4)/((-16)/(-52)))/(-1). Suppose 10*s - q*s = 21. Let n(g) = -2*g - 10. Determine n(s).
4
Let t(b) be the first derivative of b**4/8 - 13*b**3/6 + 11*b**2/2 + 3*b + 9. Let m(f) be the second derivative of t(f). What is m(7)?
8
Let v(l) be the first derivative of -l**4 - l**3/3 + l**2/2 - 1. Suppose -3*n + 155 = -5*x, x = -3*x + 4*n - 124. Let h = x - -32. Give v(h).
-4
Let b(i) = 3*i**2 + 45*i - 160. Let v be b(-18). Let o(u) = 2*u**3 - 4*u**2 + 1. Let w(h) = h - 1. Let m(t) = o(t) + 3*w(t). What is m(v)?
4
Let l(u) = 14*u + 2. Let w = -13569 + 13575. Calculate l(w).
86
Let h(j) = 6*j + 1201997 - 1201998 + 26*j. Determine h(-1).
-33
Let d(x) = 10*x**3 - 3*x**2 + 3*x - 4. Let i(c) = 30*c**3 - 8*c**2 + 8*c - 11. Suppose 0 = 10*u - 37*u - 81. Let m(j) = u*i(j) + 8*d(j). Calculate m(-1).
11
Let j = 170 - 152. Let d(i) = -j + 27 + 0*i - 16 - i. Determine d(-5).
-2
Let n(r) = -5*r**3 + 5*r**2 + 2*r + 4. Let g(p) = 22*p**3 - 24*p**2 - 8*p - 17. Let f(i) = 2*g(i) + 9*n(i). Determine f(-3).
-4
Let l = -5 - -8. Let z(o) = 5*o**3 + 11*o**2 - 4 - 189*o - 191*o + 390*o. Let y(c) = 2*c**3 + 5*c**2 + 5*c - 2. Let v(k) = -7*y(k) + 3*z(k). Calculate v(l).
-4
Let z(k) be the second derivative of -k**5/10 - 3*k**4/2 - 3*k**3 - k**2 + 3042*k. Give z(-8).
14
Let d(s) = 45*s - 745. Let z(i) = 15*i - 249. Let v(o) = -7*d(o) + 20*z(o). What is v(17)?
-20
Let q(u) = 124. Let c(x) = x - 55. Let y(v) = -5*c(v) - 2*q(v). What is y(8)?
-13
Let q(w) = -3*w**3 + 2*w**2. Let y(r) = -33*r**3 - 11*r**2. Let i(p) = -5*q(p) - y(p). Give i(1).
49
Let o(h) = h + 2. Let n(z) = -7*z**2 - 7*z - 4. Let v = 442 - 443. Let r be n(v). Give o(r).
-2
Let l(q) = 22*q - 7*q - 5*q - 6 - q**2 - 5*q. Let r be (0 - 2)/(2/(-5)). Calculate l(r).
-6
Let c(z) = -17*z - 22. Let q be c(-4). Let v(y) = q - 71 + 30 - 10*y. Calculate v(5).
-45
Let n(s) = -6*s + 19. Suppose -301 = 226*i - 417*i + 234*i. What is n(i)?
61
Let h = -1199 + 1211. Let s(n) = -n**3 + 12*n**2 + n + 4. What is s(h)?
16
Suppose 0 = -5*j - 0*j + 205. Suppose 6*d = j + 19. Let l(b) be the third derivative of -b**5/60 + b**4/2 - 2*b**3 - 21*b**2. What is l(d)?
8
Let v be 8/(-6)*(-6)/1. Let f(m) = -20 + 2 - m + v + 12. What is f(5)?
-3
Let n(o) = 2*o**2 - 6*o - 5. Suppose 0 = 3*w + 2*w - 39 + 9. Determine n(w).
31
Let l be 6/(-1)*8/(-6). Suppose -i = -5, -2*f - 27 = -l*i + 3*i. Let r(a) = -2*a**3 - a**2 - 2*a - 1. Give r(f).
2
Let u(j) = j**2 + 60*j + 115. Suppose 1052 + 1404 = -110*f - 3924. Calculate u(f).
-1
Let d(f) = f**2 - 21*f - 51. Let t = 3658 - 3635. Give d(t).
-5
Let s(z) = -2*z**2 + 2*z. Let p be s(-2). Let y = p - -8. Let o be 23/y + (85/(-20) - -4). Let q(f) = f**2 + 4*f - 8. Calculate q(o).
4
Let p(y) = -2*y - 6. Let v(c) be the second derivative of c**3/2 + 3*c**2 + 6*c. Let d(b) = 4*p(b) + 3*v(b). Let o be 160/(-720) - (-1)/(18/4). What is d(o)?
-6
Let o(p) = -4*p**2 - 15*p - 15. Let m(h) = -h**2 - 2*h - 1. Let s(r) = 18*r - 127. Let v be s(7). Let u(q) = v*o(q) + 5*m(q). What is u(6)?
4
Let c be (-2)/3 - (-69)/9. Let r(a) = 6463*a + 10 - 19417*a + 6467*a + 6485*a. Determine r(c).
-4
Let y(b) = 17*b + 53. Let z(k) = 36*k + 117. Let c(h) = -21*y(h) + 9*z(h). What is c(-2)?
6
Let r(q) be the third derivative of -2/3*q**3 - 1/10*q**5 - 1/120*q**6 + 0 + 1/3*q**4 + 0*q - 28*q**2. Calculate r(-7).
-11
Let k(u) = 4*u - u**2 + 4*u**2 - 5*u - 5*u**2. Let f(i) = -5*i**2 - 3*i - 6. Let j(x) = f(x) - 3*k(x). Calculate j(-5).
19
Let n(g) = -2*g**2 - 15*g + 2. Let b be n(-7). Let d(l) = 13 - b - 11 - 1 + l. Determine d(5).
-3
Let q be (-11)/(-33) - 15/(-9). Let d(v) = 3*v + 9*v**q + 5*v - 4*v - 3*v. Calculate d(1).
10
Let t(x) = -x**3 + 7*x**2 - 3*x - 17. Let d be t(5). Suppose 6*o + 36 = d*o. Let h(j) be the third derivative of 5*j**4/24 - j**3/6 + 7*j**2. Give h(o).
14
Let u(m) = -m**3 - 31*m**2 - 92*m - 984. Let h be u(-29). Let y(r) = -20*r + 38. Calculate y(h).
-2
Let f(m) = m**3 + 44*m**2 + 2*m + 81. Let j(c) = -2*c**3 + 21*c**2 - 45*c - 4. Let b be j(8). What is f(b)?
-7
Let v(z) = -4*z + 31. Suppose -522*h = -9551 + 1721. Calculate v(h).
-29
Let c(k) = 5*k - 24. Let q(x) = 9*x - 46. Let v(p) = 7*c(p) - 4*q(p). Calculate v(16).
0
Let j = -183 + 185. Let x(g) = 11*g**2 - 7*g**2 - g - 7*g**j. Give x(-1).
-2
Let z(l) be the first derivative of -l**3/3 - 9*l**2/2 - 20*l - 1130. Calculate z(-5).
0
Let r(k) = k**3 + 3*k**2 - 6*k - 2. Let x(o) = -o**2 + 18*o - 4. Let z be x(17). Let n(l) = -31 - 6*l + 8*l - l**2 + 1 + z*l. Let d be n(13). Calculate r(d).
6
Let s be (-40)/(-12)*(-6)/5. Suppose 0*x + 13 = o - 4*x, 3*o + 2*x + 3 = 0. Let m be (o - 0)*2 + s + 3. Let z(b) = 7*b + 1. Determine z(m).
8
Let z(a) = -6*a - 35. Let p(l) = -20*l - 123. Let i(j) = -2*p(j) + 7*z(j). Let y be (-17)/(-3) + 2/6. Calculate i(y).
-11
Let o(p) = -4*p**2 + 9*p - 5. Let r(x) = 3*x**2 - 8*x + 4. Let f(q) = 2*o(q) + 3*r(q). Let u be f(6). Let t(b) = -u - 3*b - 4 + 5*b. Give t(5).
4
Let d(t) = t**2 + 20*t + 27. Let r(k) = -24*k - 981. Let u be r(-40). Calculate d(u).
48
Suppose -2*j = 13 - 27. Suppose 4 = g + 3, 0 = -y + g + 2. Let s(c) = -c**2 - 2*c + 5*c + 5 - y + 6. What is s(j)?
-20
Let h(g) = g**3 + 5109523 + 6*g - 5109517 - 4*g**2 - 2*g**2. Let j(d) = 3*d - 4. Let x be j(3). Give h(x).
11
Let v(u) = -9*u**2 + 8. Let j(b) = -b**3 + 45*b**2 + 2*b - 42. Let h(d) = j(d) + 4*v(d). Determine h(5).
100
Let q(m) be the second derivative of -m**3/6 - 2*m**2 - 4*m. Let i(f) = -5*f - 38. Let d = 73 - 80. Let o be i(d). Give q(o).
-1
Let j(l) = -31*l**2 - 1 + 0 + 0*l + 2 - 2*l. Suppose 0 + 1 = -11*v + 12. Give j(v).
-32
Let x = -107 - -52. Let v = -58 - x. Let q(k) = 4*k**2 - 2*k + 0 - 7*k**2 + 1 - k**3. Give q(v).
7
Let p(d) = -2*d**3 + 86*d**2 - 85*d + 37. Let u be p(42). Let f(r) = 2*r**2 - 2. Determine f(u).
48
Let s = -3556 - -3549. Let j(v) = 5*v - 13. Let r(c) = c - 1. Let x(y) = -j(y) + 6*r(y). Determine x(s).
0
Let b(h) be the first derivative of 61 - 5/2*h**2 + 2*h**3 - 1/4*h**4 + 4*h. Give b(4).
16
Let k(g) = -g**2 + 6*g + 5. Suppose 0 = -4*h + 16, 3*p - 21 = -5*h + 14. Suppose -p*f + 40 = -3*t, f - 8 = -17*t + 13*t. Give k(f).
-11
Let t(n) = 4*n**3 + 16*n**2 - 12*n - 22. Let i(k) = -7*k**3 - 31*k**2 + 22*k + 45. Let x(d) = 5*i(d) + 9*t(d). Calculate x(10).
-53
Suppose a + 2*a = 6. Suppose -7*m = -3*u - a*m + 15, 0 = -5*u + m + 3. Let d be ((-3)/1 - 10/(-3))*u. Let o(i) = -i - 4. Give o(d).
-4
Let i(h) = 77*h**2 + 16*h + 204. Let a(d) = -48*d**2 - 11*d - 136. Let b(v) = -8*a(v) - 5*i(v). Calculate b(12).
20
Let q(h) be the first derivative of -3*h**4/4 + h**3/3 + 5*h**2/2 + 2*h + 6519. Calculate q(-2).
20
Let z(m) = 371*m - m**3 + 372*m - 4*m**3 + 5*m**2 + 6*m**3 - 741*m + 3. Suppose -1 = -v + 5*w - 2*w, 5*v - 3*w = -19. Give z(v).
-7
Suppose -4*k + 45 = 3*b, -b + 75 = 4*b - 3*k. Let f(r) be the third derivative of b*r**2 + 0 + 0*r - 1/3*r**3 + 1/12*r**4. Calculate f(-2).
-6
Let y = -756 - -1225. Let f = y + -467. Let c(r) = -2 + 2*r - 4*r + 5 - 4*r**2. What is c(f)?
-17
Let v(b) be the third derivative of b**6/120 + b**5/20 - b**4/8 + b**3/6 + 403*b**2 - 1. Let w(q) = -q**2 - 9*q + 18. Let j be w(-11). What is v(j)?
-3
Let w be (-1)/(0 + 2/(-14)). Let s(q) = 7*q**3 + 50*q**2 - 117*q - 18. Let z(n) = 4*n**3 + 27*n**2 - 65*n - 9. Let x(l) = 5*s(l) - 9*z(l). Determine x(w).
-9
Let i be 0/((-2)/(-2 - -4)). Let v(w) be the second derivative of 0 + 195*w - 1/6*w**3 - 5/2*w**2. Calculate v(i).
-5
Suppose 5*a + 200 = 4*v + a, 5*v = -5*a + 250. Suppose -z + u = 0, v*z + 12 = 47*z - u. Let k(i) = -2*i**3 - 2*i**2 + 3*i + 2. Calculate k(z).
29
Let i(s) be the second derivative of s**4/12 + s**2/2 - 67*s. Let f(t) = 4*t**2 + 8*t - 1. Let d(z) = -f(z) + 5*i(z). Give d(5).
-9
Let r(q) = q - 7*q + 22 + q - 13. Let g(x) = 243*x + 248. Let o be g(-1). What is r(o)?
-16
Let p(n) = -1311*n**3 - 10 + 1312*n**